 2*s + 2. Let i(q) = -7*p(q) - 6*u(q). What are the prime factors of i(-5)?
13
Suppose 50 = o - 17. What are the prime factors of o?
67
Let s be (-2)/3 - (-2200)/24. Suppose -3*l = -g - s, -5*g + 109 = 3*l - 12. What are the prime factors of l?
2
Let m = 126 + -85. What are the prime factors of m?
41
Suppose 3*l - 2*k = 100, -2*k + 5*k - 26 = -l. List the prime factors of l.
2
Let g(x) = x**2 - 2*x + 40. List the prime factors of g(-15).
5, 59
Let a = 4 + 0. Let v = 11 - 17. Let u = a - v. List the prime factors of u.
2, 5
Suppose 2*p - 192 = -2*b, b - 2*p = 2*b - 93. What are the prime factors of b?
3, 11
Let y(u) = 25*u**2 - u + 1. What are the prime factors of y(1)?
5
Suppose 3*p - 4*p = 0. Suppose p = 5*l - 26 - 9. List the prime factors of l.
7
Suppose -5*q = -4*t + 177, 4*q + 58 = -2*t + 3*t. What are the prime factors of t?
2, 19
Let q be -3*5/(4 - 3). What are the prime factors of 8/20 - 174/q?
2, 3
Let r(l) = -l**3 + 4*l + 2. List the prime factors of r(-3).
17
Let c = -7 + 9. Suppose 151 - 56 = 3*d + c*k, -4*d + 5*k + 96 = 0. List the prime factors of d.
29
Let p(u) = 14*u**3 - 3*u**2 + 2*u - 1. List the prime factors of p(2).
103
Suppose 153 = 12*k - 11*k. What are the prime factors of k?
3, 17
Let k(y) = y**3 + 9*y**2 - 2*y - 8. Let g be k(-9). What are the prime factors of g + (2 - (4 + 0))?
2
Suppose 4*v = -16, -16 - 1 = 3*s + 5*v. Suppose m + 2 = s, -2*p - 5*m - 1 = 0. Suppose -p = -y + 14. What are the prime factors of y?
2
Suppose -5*n = -20, 0 = -3*v + 2*n - 4 - 13. Let c be 1/(-1) - 81/v. Suppose 0*s = -2*s + c. List the prime factors of s.
13
Let y = 10 - 5. Suppose -6 - 19 = -y*l. Suppose -2*z + l*z = 9. List the prime factors of z.
3
Let w be (-11 + 2 - -3)*1. What are the prime factors of (-1 + (-4)/6)*w?
2, 5
Let p(i) = -19*i - 1. Let o be p(-1). Suppose 2*l + 9 = 3*c, 30 = 5*l + 2*c + c. Suppose -l*x = o - 69. What are the prime factors of x?
17
Suppose 8 = 5*h - 12. Suppose 0 = h*c - 0*c - 28. Let g(m) = m**3 - 6*m**2 - 6*m + 4. List the prime factors of g(c).
11
Let f(i) = i + 7. Let w be f(-6). Suppose 2*x + x - 3*a = 6, -3*x + w = 2*a. Let g = x + 2. What are the prime factors of g?
3
Let d(y) = 3*y**2 - y + 19. List the prime factors of d(8).
7, 29
Let z(x) = 3*x + 3. Let p be z(-2). What are the prime factors of 10 - p/9*-3?
3
Suppose 267 = 6*g - 165. Suppose -q = -y - 28, -2*q + g = y + 10. What are the prime factors of q?
2, 3, 5
Suppose 4*o + 5 = 5*l, l + 5*o - 10 = 20. Suppose 4 = 4*c + 5*z + 1, -l*c + 11 = -z. List the prime factors of c.
2
Suppose 92 = -3*c + 6*c - 2*m, 5*m - 36 = -2*c. What are the prime factors of c?
2, 7
Let v = -9 + 71. List the prime factors of v.
2, 31
Let d = -4 - -69. List the prime factors of d.
5, 13
Let f(u) = -9*u - 4. Let p be f(-3). Let b = p + -12. List the prime factors of b.
11
Let p(k) = k + 18. Let c be p(-9). Let x = 18 - c. What are the prime factors of x?
3
Let y = 10 + -8. Let w(j) = 4*j**2 - 4*j + 2. List the prime factors of w(y).
2, 5
Suppose -3*w + 4 = 16. Let d(i) = i**2 + 5. What are the prime factors of d(w)?
3, 7
Let l be ((-2)/2)/(1/6). Let b = l - -18. List the prime factors of b.
2, 3
Suppose b - 30 - 3 = 0. What are the prime factors of b?
3, 11
Suppose 4*p + 10 = 5*p. What are the prime factors of p?
2, 5
Let l be (304/8)/((-4)/2). List the prime factors of 1 - (l + 0/(-2)).
2, 5
Let j(w) = w**3 + 5*w**2 - w - 6. Let h be j(-5). What are the prime factors of h + (20 - -1) - 2?
2, 3
Suppose -3*k + 6 = -60. Let i = k + -19. What are the prime factors of i?
3
Suppose 3*d = 7*d - 16. Let h = -9 + d. Let g(l) = l**2 + 5*l + 2. List the prime factors of g(h).
2
Suppose -3*i = -0*i - 6. Suppose i = u, 3*h + u = 1 + 10. List the prime factors of h.
3
Suppose -104 = -4*x - y + 5*y, -80 = -4*x - 4*y. List the prime factors of x/(0 + (-2 - -3)).
23
Let k(t) = 1 - 3*t**2 - 5 - 3*t + 6*t + 12*t**2. Let m be k(-3). Suppose 5*i - m = 2*y, -4*i - y = 2*y - 36. What are the prime factors of i?
2, 3
Let r(q) = q**3 + q**2 + 12. Suppose 4*h = 9*h - 10. Suppose -o = -h*y - 0*y + 6, -15 = 2*o - 5*y. List the prime factors of r(o).
2, 3
What are the prime factors of -3 - (4*-22 - -2)?
83
Suppose f - 4*f = 0. Suppose f*q - 51 = -3*q. What are the prime factors of q?
17
Suppose 0 = 2*x + 6, -81 = 3*r - 4*x - 1230. What are the prime factors of r?
379
Suppose -22 = 5*m + 5*h - 67, -5*m + 2*h + 73 = 0. Suppose -t + 17 = -2*c, 3*t - 78 = -c - m. List the prime factors of t.
3, 7
Suppose -270 = -2*h - 3*h - 5*f, 2*h - 4*f = 138. Suppose -6*w + 7 = 2*c - w, 0 = -4*c - w + h. List the prime factors of c.
2
Let x(r) = 2*r + 9. Let i be x(-6). Let o(f) = -14*f - 1. What are the prime factors of o(i)?
41
Suppose -2*v + 25 = 5. Suppose 0 = -t + 2*i + v, 2*i = t + 3*i - 7. List the prime factors of t.
2
List the prime factors of 19 + 9/(0 + -3).
2
Let b(r) = r**3 - 11*r**2 - 4*r + 9. Let y(g) = -4*g**3 + 34*g**2 + 11*g - 28. Let c(z) = -7*b(z) - 2*y(z). What are the prime factors of c(-8)?
3
Let s(c) = 3*c**2 + 7*c - 6. Let l be s(4). Suppose -10 + l = 5*w. What are the prime factors of w?
2, 3
List the prime factors of (920/12)/((-2)/(-3)).
5, 23
Let x(k) = -k + 14. What are the prime factors of x(-5)?
19
Suppose 214 = 30*d - 28*d. List the prime factors of d.
107
Let n be (-1 - 1) + 6/2. Let g be 26/(-8) - 2/(-8). What are the prime factors of 8*n + 2 + g?
7
Let t be -1*2*(3 + -4). Suppose -5*r = -4*f - 55, 15 - 5 = t*f. List the prime factors of r.
3, 5
Suppose 1 = 2*l - 5*o - 84, 3*o = -4*l + 183. Let w = -4 + l. Suppose 4*n - 4 = y + 21, -2*y + w = 5*n. What are the prime factors of n?
7
Let b(p) = p**2 + 7*p - 13. Let h be b(-9). Suppose -h = -0*k - k. What are the prime factors of (-3 - -5) + k*1?
7
Suppose 11*r - 117 = 10*r. What are the prime factors of r?
3, 13
Let m(d) = 8*d**2 + 5*d + 5. What are the prime factors of m(-4)?
113
Let r be 560/(-55) + (-2)/(-11). What are the prime factors of 5/r + (-46)/(-4)?
11
Suppose 2 = -2*b - 2*y, -5*y + 15 = -2*y. Let t(r) = -r - 4. What are the prime factors of t(b)?
2
Let n = -52 - -135. What are the prime factors of n?
83
Let n = 4 - 1. Suppose 0 = 4*g + 22 - 122. Suppose 0 = -3*m - 4*t + g, -2*m - 4*t - 3 = -n*m. List the prime factors of m.
7
Let z(g) = 2*g + 0*g - 2 - 3*g. Suppose 2 = j + 9. What are the prime factors of z(j)?
5
Let r be 2 + -3 - 2 - -2. Let m(i) = -7*i. What are the prime factors of m(r)?
7
Suppose 5*s = -2*k - 59, 10 + 32 = -3*s + k. Let i = s - -18. Suppose 2*h + 3*h = 2*b + 4, h + b - i = 0. List the prime factors of h.
2
What are the prime factors of -141*(6/9)/(-2)?
47
Suppose 4*t = -5*o + 5*t + 1356, 4*t - 288 = -o. List the prime factors of o.
2, 17
Let d = 26 - 24. What are the prime factors of d?
2
Let x(u) = u**2 - 7*u - 17. What are the prime factors of x(12)?
43
Let z(r) = r**2 + 3*r - 5. Let n(u) = -u**2 - 3*u + 5. Let l(f) = -4*n(f) - 3*z(f). List the prime factors of l(-6).
13
Suppose 2*s + 7 = -3*a, -3*s + 5*a = -2*s + 23. Let t be 3/(s + -1)*-9. Suppose 0 = c - 0*c - t. What are the prime factors of c?
3
List the prime factors of ((-15)/(105/14))/((-2)/173).
173
Let p be -7*1/((-21)/18). Suppose 4*l + 296 = 5*m, -4*l - 236 = -p*m + 2*m. Suppose 4 - m = -4*t. List the prime factors of t.
2, 7
Let c(l) be the second derivative of l**4/6 - 2*l**3/3 + l**2/2 + 3*l. What are the prime factors of c(4)?
17
Suppose 3*z - 4*c = -82, -z + 2*z - 5*c + 31 = 0. Let g = z + 37. What are the prime factors of g?
11
Let k(g) = 16*g**2 + 15*g - 20. Let r(y) = -3*y**2 - 3*y + 4. Let a(q) = -2*k(q) - 11*r(q). List the prime factors of a(-6).
2, 7
Let w(o) be the second derivative of o**6/120 + o**5/60 + o**4/24 + 2*o**3 + o**2 + o. Let j(g) be the first derivative of w(g). List the prime factors of j(0).
2, 3
Let u = -7 - -9. Suppose 0 = 3*i + 8*v - 3*v - 49, -i + 18 = u*v. What are the prime factors of i?
2
Let y(v) = v**2 - 10*v - 4. Let b(u) = -u. Suppose 0 = -3*k + 1 - 4. Let c(t) = k*y(t) + 4*b(t). List the prime factors of c(6).
2
Suppose -s - s = -3*m - 136, -2*s + 116 = 2*m. Suppose 4*h - s = -2*x, -3*x + 0*x + 78 = 3*h. Let a = x - 14. What are the prime factors of a?
7
Let w = 2 + -5. List the prime factors of ((-16)/6)/(1/w).
2
Let u(z) = z**3 - 5*z**2 - 7*z + 9. Let l be u(6). Suppose 0*r = -l*r + 72. S